{"id":10,"date":"2025-02-20T15:52:21","date_gmt":"2025-02-20T14:52:21","guid":{"rendered":"https:\/\/sarah-vigouroux-architecte.fr\/?page_id=10"},"modified":"2025-03-04T18:09:38","modified_gmt":"2025-03-04T17:09:38","slug":"contact","status":"publish","type":"page","link":"https:\/\/sarah-vigouroux-architecte.fr\/","title":{"rendered":"Contact"},"content":{"rendered":"\t\t<div data-elementor-type=\"wp-page\" data-elementor-id=\"10\" class=\"elementor elementor-10\">\n\t\t\t\t<div class=\"elementor-element elementor-element-699eae50 e-grid e-con-boxed e-con e-parent\" data-id=\"699eae50\" data-element_type=\"container\" data-e-type=\"container\">\n\t\t\t\t\t<div class=\"e-con-inner\">\n\t\t\t\t<div class=\"elementor-element elementor-element-3e19fe0f elementor-widget elementor-widget-text-editor\" data-id=\"3e19fe0f\" data-element_type=\"widget\" data-e-type=\"widget\" data-widget_type=\"text-editor.default\">\n\t\t\t\t<div class=\"elementor-widget-container\">\n\t\t\t\t\t\t\t\t\t\n<p>N&rsquo;h\u00e9sitez pas \u00e0 contacter notre agence si vous avez des questions ou besoin d&rsquo;informations.<\/p>\n\t\t\t\t\t\t\t\t<\/div>\n\t\t\t\t<\/div>\n\t\t\t\t<div class=\"elementor-element elementor-element-5d41f1c elementor-widget elementor-widget-spacer\" data-id=\"5d41f1c\" data-element_type=\"widget\" data-e-type=\"widget\" data-widget_type=\"spacer.default\">\n\t\t\t\t<div class=\"elementor-widget-container\">\n\t\t\t\t\t\t\t<div class=\"elementor-spacer\">\n\t\t\t<div class=\"elementor-spacer-inner\"><\/div>\n\t\t<\/div>\n\t\t\t\t\t\t<\/div>\n\t\t\t\t<\/div>\n\t\t\t\t<div class=\"elementor-element elementor-element-498c2e5 elementor-widget elementor-widget-text-editor\" data-id=\"498c2e5\" data-element_type=\"widget\" data-e-type=\"widget\" data-widget_type=\"text-editor.default\">\n\t\t\t\t<div class=\"elementor-widget-container\">\n\t\t\t\t\t\t\t\t\t<h6>SARAH VIGOUROUX ARCHITECTE<\/h6>\n<p>EURL d&rsquo;architecture\u00a0<\/p>\n<p>Num\u00e9ro d&rsquo;inscription \u00e0 l&rsquo;Ordre des Architectes : 082109.<\/p>\t\t\t\t\t\t\t\t<\/div>\n\t\t\t\t<\/div>\n\t\t\t\t<div class=\"elementor-element elementor-element-58720a4 elementor-widget elementor-widget-spacer\" data-id=\"58720a4\" data-element_type=\"widget\" data-e-type=\"widget\" data-widget_type=\"spacer.default\">\n\t\t\t\t<div class=\"elementor-widget-container\">\n\t\t\t\t\t\t\t<div class=\"elementor-spacer\">\n\t\t\t<div class=\"elementor-spacer-inner\"><\/div>\n\t\t<\/div>\n\t\t\t\t\t\t<\/div>\n\t\t\t\t<\/div>\n\t\t\t\t<div class=\"elementor-element elementor-element-bea036e elementor-view-default elementor-widget elementor-widget-icon\" data-id=\"bea036e\" data-element_type=\"widget\" data-e-type=\"widget\" data-widget_type=\"icon.default\">\n\t\t\t\t<div class=\"elementor-widget-container\">\n\t\t\t\t\t\t\t<div class=\"elementor-icon-wrapper\">\n\t\t\t<a class=\"elementor-icon\" href=\"http:\/\/www.linkedin.com\/in\/sarah-vigouroux-aa933889\">\n\t\t\t<svg aria-hidden=\"true\" class=\"e-font-icon-svg e-fab-linkedin\" viewBox=\"0 0 448 512\" xmlns=\"http:\/\/www.w3.org\/2000\/svg\"><path d=\"M416 32H31.9C14.3 32 0 46.5 0 64.3v383.4C0 465.5 14.3 480 31.9 480H416c17.6 0 32-14.5 32-32.3V64.3c0-17.8-14.4-32.3-32-32.3zM135.4 416H69V202.2h66.5V416zm-33.2-243c-21.3 0-38.5-17.3-38.5-38.5S80.9 96 102.2 96c21.2 0 38.5 17.3 38.5 38.5 0 21.3-17.2 38.5-38.5 38.5zm282.1 243h-66.4V312c0-24.8-.5-56.7-34.5-56.7-34.6 0-39.9 27-39.9 54.9V416h-66.4V202.2h63.7v29.2h.9c8.9-16.8 30.6-34.5 62.9-34.5 67.2 0 79.7 44.3 79.7 101.9V416z\"><\/path><\/svg>\t\t\t<\/a>\n\t\t<\/div>\n\t\t\t\t\t\t<\/div>\n\t\t\t\t<\/div>\n\t\t\t\t<div class=\"elementor-element elementor-element-e53b720 elementor-widget elementor-widget-text-editor\" data-id=\"e53b720\" data-element_type=\"widget\" data-e-type=\"widget\" data-widget_type=\"text-editor.default\">\n\t\t\t\t<div class=\"elementor-widget-container\">\n\t\t\t\t\t\t\t\t\t<p>Adresse : 122 rue Amelot &#8211; 75011 Paris<\/p>\n<p>email : <a href=\"mailto:sarah.vigouroux.architecte@gmail.com\">sarah.vigouroux.architecte@gmail.com<\/a><\/p>\n<p>T\u00e9l\u00e9phone : 06.77.13.73.23<\/p>\t\t\t\t\t\t\t\t<\/div>\n\t\t\t\t<\/div>\n\t\t\t\t\t<\/div>\n\t\t\t\t<\/div>\n\t\t<div class=\"elementor-element elementor-element-7bc7741 e-flex e-con-boxed e-con e-parent\" data-id=\"7bc7741\" data-element_type=\"container\" data-e-type=\"container\">\n\t\t\t\t\t<div class=\"e-con-inner\">\n\t\t\t\t<div class=\"elementor-element elementor-element-6f6b217 elementor-widget elementor-widget-google_maps\" data-id=\"6f6b217\" data-element_type=\"widget\" data-e-type=\"widget\" data-widget_type=\"google_maps.default\">\n\t\t\t\t<div class=\"elementor-widget-container\">\n\t\t\t\t\t\t\t<div class=\"elementor-custom-embed\">\n\t\t\t<iframe loading=\"lazy\"\n\t\t\t\t\tsrc=\"https:\/\/maps.google.com\/maps?q=122%20rue%20amelot%2075011%20paris&#038;t=m&#038;z=14&#038;output=embed&#038;iwloc=near\"\n\t\t\t\t\ttitle=\"122 rue amelot 75011 paris\"\n\t\t\t\t\taria-label=\"122 rue amelot 75011 paris\"\n\t\t\t><\/iframe>\n\t\t<\/div>\n\t\t\t\t\t\t<\/div>\n\t\t\t\t<\/div>\n\t\t\t\t\t<\/div>\n\t\t\t\t<\/div>\n\t\t<div class=\"elementor-element elementor-element-9e136e4 e-flex e-con-boxed e-con e-parent\" data-id=\"9e136e4\" data-element_type=\"container\" data-e-type=\"container\">\n\t\t\t\t\t<div class=\"e-con-inner\">\n\t\t\t\t<div class=\"elementor-element elementor-element-fed1387 elementor-widget elementor-widget-text-editor\" data-id=\"fed1387\" data-element_type=\"widget\" data-e-type=\"widget\" data-widget_type=\"text-editor.default\">\n\t\t\t\t<div class=\"elementor-widget-container\">\n\t\t\t\t\t\t\t\t\t<p>Tous les droits des photographies, dessins et projets pr\u00e9sent\u00e9s sur ce site sont prot\u00e9g\u00e9s\u00a0<\/p>\t\t\t\t\t\t\t\t<\/div>\n\t\t\t\t<\/div>\n\t\t\t\t\t<\/div>\n\t\t\t\t<\/div>\n\t\t\t\t<\/div>\n\t\t","protected":false},"excerpt":{"rendered":"<p>N&rsquo;h\u00e9sitez pas \u00e0 contacter notre agence si vous avez des questions ou besoin d&rsquo;informations. SARAH VIGOUROUX ARCHITECTE EURL d&rsquo;architecture\u00a0 Num\u00e9ro d&rsquo;inscription \u00e0 l&rsquo;Ordre des Architectes : 082109. Adresse : 122 rue Amelot &#8211; 75011 Paris email : sarah.vigouroux.architecte@gmail.com T\u00e9l\u00e9phone : 06.77.13.73.23 Tous les droits des photographies, dessins et projets pr\u00e9sent\u00e9s sur ce site sont prot\u00e9g\u00e9s\u00a0<\/p>\n","protected":false},"author":1,"featured_media":0,"parent":0,"menu_order":0,"comment_status":"closed","ping_status":"closed","template":"","meta":{"footnotes":""},"class_list":["post-10","page","type-page","status-publish","hentry","entry"],"yoast_head":"<!-- This site is optimized with the Yoast SEO plugin v27.5 - https:\/\/yoast.com\/product\/yoast-seo-wordpress\/ -->\n<title>Contact - SARAH VIGOUROUX ARCHITECTE<\/title>\n<meta name=\"robots\" content=\"index, follow, max-snippet:-1, max-image-preview:large, max-video-preview:-1\" \/>\n<link rel=\"canonical\" href=\"https:\/\/sarah-vigouroux-architecte.fr\/\" \/>\n<meta property=\"og:locale\" content=\"fr_FR\" \/>\n<meta property=\"og:type\" content=\"article\" \/>\n<meta property=\"og:title\" content=\"Contact - SARAH VIGOUROUX ARCHITECTE\" \/>\n<meta property=\"og:description\" content=\"N&rsquo;h\u00e9sitez pas \u00e0 contacter notre agence si vous avez des questions ou besoin d&rsquo;informations. SARAH VIGOUROUX ARCHITECTE EURL d&rsquo;architecture\u00a0 Num\u00e9ro d&rsquo;inscription \u00e0 l&rsquo;Ordre des Architectes : 082109. Adresse : 122 rue Amelot &#8211; 75011 Paris email : sarah.vigouroux.architecte@gmail.com T\u00e9l\u00e9phone : 06.77.13.73.23 Tous les droits des photographies, dessins et projets pr\u00e9sent\u00e9s sur ce site sont prot\u00e9g\u00e9s\u00a0\" \/>\n<meta property=\"og:url\" content=\"https:\/\/sarah-vigouroux-architecte.fr\/\" \/>\n<meta property=\"og:site_name\" content=\"SARAH VIGOUROUX ARCHITECTE\" \/>\n<meta property=\"article:modified_time\" content=\"2025-03-04T17:09:38+00:00\" \/>\n<meta name=\"twitter:card\" content=\"summary_large_image\" \/>\n<meta name=\"twitter:label1\" content=\"Dur\u00e9e de lecture estim\u00e9e\" \/>\n\t<meta name=\"twitter:data1\" content=\"1 minute\" \/>\n<script type=\"application\/ld+json\" class=\"yoast-schema-graph\">{\"@context\":\"https:\\\/\\\/schema.org\",\"@graph\":[{\"@type\":\"WebPage\",\"@id\":\"https:\\\/\\\/sarah-vigouroux-architecte.fr\\\/\",\"url\":\"https:\\\/\\\/sarah-vigouroux-architecte.fr\\\/\",\"name\":\"Contact - SARAH VIGOUROUX ARCHITECTE\",\"isPartOf\":{\"@id\":\"https:\\\/\\\/sarah-vigouroux-architecte.fr\\\/#website\"},\"datePublished\":\"2025-02-20T14:52:21+00:00\",\"dateModified\":\"2025-03-04T17:09:38+00:00\",\"breadcrumb\":{\"@id\":\"https:\\\/\\\/sarah-vigouroux-architecte.fr\\\/#breadcrumb\"},\"inLanguage\":\"fr-FR\",\"potentialAction\":[{\"@type\":\"ReadAction\",\"target\":[\"https:\\\/\\\/sarah-vigouroux-architecte.fr\\\/\"]}]},{\"@type\":\"BreadcrumbList\",\"@id\":\"https:\\\/\\\/sarah-vigouroux-architecte.fr\\\/#breadcrumb\",\"itemListElement\":[{\"@type\":\"ListItem\",\"position\":1,\"name\":\"Accueil\",\"item\":\"https:\\\/\\\/sarah-vigouroux-architecte.fr\\\/\"},{\"@type\":\"ListItem\",\"position\":2,\"name\":\"Contact\"}]},{\"@type\":\"WebSite\",\"@id\":\"https:\\\/\\\/sarah-vigouroux-architecte.fr\\\/#website\",\"url\":\"https:\\\/\\\/sarah-vigouroux-architecte.fr\\\/\",\"name\":\"Sarah-vigouroux-architecte.fr\",\"description\":\"\",\"publisher\":{\"@id\":\"https:\\\/\\\/sarah-vigouroux-architecte.fr\\\/#organization\"},\"potentialAction\":[{\"@type\":\"SearchAction\",\"target\":{\"@type\":\"EntryPoint\",\"urlTemplate\":\"https:\\\/\\\/sarah-vigouroux-architecte.fr\\\/?s={search_term_string}\"},\"query-input\":{\"@type\":\"PropertyValueSpecification\",\"valueRequired\":true,\"valueName\":\"search_term_string\"}}],\"inLanguage\":\"fr-FR\"},{\"@type\":\"Organization\",\"@id\":\"https:\\\/\\\/sarah-vigouroux-architecte.fr\\\/#organization\",\"name\":\"Sarah Vigouroux Architecte\",\"url\":\"https:\\\/\\\/sarah-vigouroux-architecte.fr\\\/\",\"logo\":{\"@type\":\"ImageObject\",\"inLanguage\":\"fr-FR\",\"@id\":\"https:\\\/\\\/sarah-vigouroux-architecte.fr\\\/#\\\/schema\\\/logo\\\/image\\\/\",\"url\":\"https:\\\/\\\/sarah-vigouroux-architecte.fr\\\/wp-content\\\/uploads\\\/2025\\\/03\\\/cropped-LOGO-SARAH-tiny.png\",\"contentUrl\":\"https:\\\/\\\/sarah-vigouroux-architecte.fr\\\/wp-content\\\/uploads\\\/2025\\\/03\\\/cropped-LOGO-SARAH-tiny.png\",\"width\":1130,\"height\":422,\"caption\":\"Sarah Vigouroux Architecte\"},\"image\":{\"@id\":\"https:\\\/\\\/sarah-vigouroux-architecte.fr\\\/#\\\/schema\\\/logo\\\/image\\\/\"},\"sameAs\":[\"https:\\\/\\\/www.linkedin.com\\\/in\\\/sarah-vigouroux-aa933889\"]}]}<\/script>\n<!-- \/ Yoast SEO plugin. -->","yoast_head_json":{"title":"Contact - SARAH VIGOUROUX ARCHITECTE","robots":{"index":"index","follow":"follow","max-snippet":"max-snippet:-1","max-image-preview":"max-image-preview:large","max-video-preview":"max-video-preview:-1"},"canonical":"https:\/\/sarah-vigouroux-architecte.fr\/","og_locale":"fr_FR","og_type":"article","og_title":"Contact - SARAH VIGOUROUX ARCHITECTE","og_description":"N&rsquo;h\u00e9sitez pas \u00e0 contacter notre agence si vous avez des questions ou besoin d&rsquo;informations. SARAH VIGOUROUX ARCHITECTE EURL d&rsquo;architecture\u00a0 Num\u00e9ro d&rsquo;inscription \u00e0 l&rsquo;Ordre des Architectes : 082109. Adresse : 122 rue Amelot &#8211; 75011 Paris email : sarah.vigouroux.architecte@gmail.com T\u00e9l\u00e9phone : 06.77.13.73.23 Tous les droits des photographies, dessins et projets pr\u00e9sent\u00e9s sur ce site sont prot\u00e9g\u00e9s\u00a0","og_url":"https:\/\/sarah-vigouroux-architecte.fr\/","og_site_name":"SARAH VIGOUROUX ARCHITECTE","article_modified_time":"2025-03-04T17:09:38+00:00","twitter_card":"summary_large_image","twitter_misc":{"Dur\u00e9e de lecture estim\u00e9e":"1 minute"},"schema":{"@context":"https:\/\/schema.org","@graph":[{"@type":"WebPage","@id":"https:\/\/sarah-vigouroux-architecte.fr\/","url":"https:\/\/sarah-vigouroux-architecte.fr\/","name":"Contact - SARAH VIGOUROUX ARCHITECTE","isPartOf":{"@id":"https:\/\/sarah-vigouroux-architecte.fr\/#website"},"datePublished":"2025-02-20T14:52:21+00:00","dateModified":"2025-03-04T17:09:38+00:00","breadcrumb":{"@id":"https:\/\/sarah-vigouroux-architecte.fr\/#breadcrumb"},"inLanguage":"fr-FR","potentialAction":[{"@type":"ReadAction","target":["https:\/\/sarah-vigouroux-architecte.fr\/"]}]},{"@type":"BreadcrumbList","@id":"https:\/\/sarah-vigouroux-architecte.fr\/#breadcrumb","itemListElement":[{"@type":"ListItem","position":1,"name":"Accueil","item":"https:\/\/sarah-vigouroux-architecte.fr\/"},{"@type":"ListItem","position":2,"name":"Contact"}]},{"@type":"WebSite","@id":"https:\/\/sarah-vigouroux-architecte.fr\/#website","url":"https:\/\/sarah-vigouroux-architecte.fr\/","name":"Sarah-vigouroux-architecte.fr","description":"","publisher":{"@id":"https:\/\/sarah-vigouroux-architecte.fr\/#organization"},"potentialAction":[{"@type":"SearchAction","target":{"@type":"EntryPoint","urlTemplate":"https:\/\/sarah-vigouroux-architecte.fr\/?s={search_term_string}"},"query-input":{"@type":"PropertyValueSpecification","valueRequired":true,"valueName":"search_term_string"}}],"inLanguage":"fr-FR"},{"@type":"Organization","@id":"https:\/\/sarah-vigouroux-architecte.fr\/#organization","name":"Sarah Vigouroux Architecte","url":"https:\/\/sarah-vigouroux-architecte.fr\/","logo":{"@type":"ImageObject","inLanguage":"fr-FR","@id":"https:\/\/sarah-vigouroux-architecte.fr\/#\/schema\/logo\/image\/","url":"https:\/\/sarah-vigouroux-architecte.fr\/wp-content\/uploads\/2025\/03\/cropped-LOGO-SARAH-tiny.png","contentUrl":"https:\/\/sarah-vigouroux-architecte.fr\/wp-content\/uploads\/2025\/03\/cropped-LOGO-SARAH-tiny.png","width":1130,"height":422,"caption":"Sarah Vigouroux Architecte"},"image":{"@id":"https:\/\/sarah-vigouroux-architecte.fr\/#\/schema\/logo\/image\/"},"sameAs":["https:\/\/www.linkedin.com\/in\/sarah-vigouroux-aa933889"]}]}},"_links":{"self":[{"href":"https:\/\/sarah-vigouroux-architecte.fr\/index.php\/wp-json\/wp\/v2\/pages\/10","targetHints":{"allow":["GET"]}}],"collection":[{"href":"https:\/\/sarah-vigouroux-architecte.fr\/index.php\/wp-json\/wp\/v2\/pages"}],"about":[{"href":"https:\/\/sarah-vigouroux-architecte.fr\/index.php\/wp-json\/wp\/v2\/types\/page"}],"author":[{"embeddable":true,"href":"https:\/\/sarah-vigouroux-architecte.fr\/index.php\/wp-json\/wp\/v2\/users\/1"}],"replies":[{"embeddable":true,"href":"https:\/\/sarah-vigouroux-architecte.fr\/index.php\/wp-json\/wp\/v2\/comments?post=10"}],"version-history":[{"count":13,"href":"https:\/\/sarah-vigouroux-architecte.fr\/index.php\/wp-json\/wp\/v2\/pages\/10\/revisions"}],"predecessor-version":[{"id":122,"href":"https:\/\/sarah-vigouroux-architecte.fr\/index.php\/wp-json\/wp\/v2\/pages\/10\/revisions\/122"}],"wp:attachment":[{"href":"https:\/\/sarah-vigouroux-architecte.fr\/index.php\/wp-json\/wp\/v2\/media?parent=10"}],"curies":[{"name":"wp","href":"https:\/\/api.w.org\/{rel}","templated":true}]}}